{"id":9317,"date":"2020-07-13T13:48:41","date_gmt":"2020-07-13T16:48:41","guid":{"rendered":"https:\/\/www.valcrit.com\/?page_id=9317"},"modified":"2021-09-13T19:18:29","modified_gmt":"2021-09-13T22:18:29","slug":"sobre-nos","status":"publish","type":"page","link":"https:\/\/www.valcrit.com\/pt-br\/sobre-nos\/","title":{"rendered":"Sobre N\u00f3s"},"content":{"rendered":"<section class=\"wpb-content-wrapper\"><p>[vc_row][vc_column][vc_empty_space][\/vc_column][\/vc_row][vc_row content_width=&#8221;grid&#8221; css=&#8221;.vc_custom_1594411573489{padding-top: 40px !important;padding-bottom: 5px !important;background-image: url(https:\/\/www.valcrit.com\/wp-content\/uploads\/2015\/10\/About-us-Background.jpg?id=2582) !important;}&#8221;][vc_column offset=&#8221;vc_col-lg-5 vc_col-md-5&#8243;][vc_empty_space height=&#8221;60px&#8221;][vc_single_image image=&#8221;9252&#8243; img_size=&#8221;medium&#8221; style=&#8221;vc_box_rounded&#8221; onclick=&#8221;img_link_large&#8221; css_animation=&#8221;none&#8221;][vc_empty_space height=&#8221;40px&#8221;][\/vc_column][vc_column offset=&#8221;vc_col-lg-7 vc_col-md-7&#8243;][vc_column_text]<\/p>\n<h2>MBA Eng. Pablo Morales<\/h2>\n<p>[\/vc_column_text][vc_empty_space height=&#8221;25px&#8221;][vc_column_text]<\/p>\n<h4><em>Profissionais em sistemas de informa\u00e7\u00e3o com mais de 20 anos de experi\u00eancia contribuindo no crescimento das companhias nacionais e multinacionais.<\/em><br \/>\n<em>Experi\u00eancia comprovada nas \u00e1reas de tecnologia da informa\u00e7\u00e3o, desenho e desenvolvimento de software, gerenciamento de projetos (PMI) e melhoria de processos de neg\u00f3cios (BPM) em \u00e1reas como fabrica\u00e7\u00e3o e engenharia de produtos.<\/em><br \/>\n<em>Ampla trajet\u00f3ria na implementa\u00e7\u00e3o e gerenciamento de ERP, instrumenta\u00e7\u00e3o de modelos de servi\u00e7os de TI gerenciados assim como compartilhados e aplica\u00e7\u00e3o de padr\u00f5es da ind\u00fastria como Itil, Cmmi e outros.<\/em><br \/>\n<em>Autor do livro \u201cConnected Cars\u201d (ISBN: 978-987-42-9529-3), que prop\u00f5e uma solu\u00e7\u00e3o tecnol\u00f3gica em nuvem, compat\u00edvel com Android Auto e CarPlay, que permite transformar um carro em um ve\u00edculo conectado.<\/em><\/h4>\n<p>[\/vc_column_text][vc_empty_space height=&#8221;25px&#8221;][\/vc_column][\/vc_row][vc_row][vc_column][vc_empty_space][\/vc_column][\/vc_row][vc_row content_width=&#8221;grid&#8221; css=&#8221;.vc_custom_1594427930830{padding-top: 40px !important;padding-bottom: 5px !important;background-image: url(https:\/\/www.valcrit.com\/wp-content\/uploads\/2015\/10\/About-us-Background.jpg?id=2582) !important;}&#8221;][vc_column offset=&#8221;vc_col-lg-5 vc_col-md-5&#8243;][vc_empty_space height=&#8221;1px&#8221;][vc_single_image image=&#8221;9249&#8243; img_size=&#8221;medium&#8221; style=&#8221;vc_box_rounded&#8221; onclick=&#8221;img_link_large&#8221; css_animation=&#8221;none&#8221;][vc_empty_space height=&#8221;20px&#8221;][\/vc_column][vc_column offset=&#8221;vc_col-lg-7 vc_col-md-5&#8243;][vc_column_text]<\/p>\n<h2>Lda. Elizabeth Maggio<\/h2>\n<p>[\/vc_column_text][vc_empty_space height=&#8221;25px&#8221;][vc_column_text]<\/p>\n<h4><em>Licenciada em com\u00e9rcio exterior com uma especializa\u00e7\u00e3o em negocia\u00e7\u00f5es internacionais.<\/em><br \/>\n<em>Ampla trajet\u00f3ria na \u00e1rea de log\u00edstica, <\/em><em>com\u00e9rcio exterior, <\/em><em>planejamento e comercializa\u00e7\u00e3o em empresas nacionais e internacionais.<\/em><\/h4>\n<h4><em>Ao longo dos anos, me especializei nas ind\u00fastrias automotiva e eletr\u00f4nica de consumo, entre outras.<\/em><br \/>\n<em>Experi\u00eancia abrangente em opera\u00e7\u00f5es de com\u00e9rcio exterior para empresas lideres do Mercosul, assim como nos Estados Unidos, China e na Uni\u00e3o Europeia.<\/em><\/h4>\n<p>[\/vc_column_text][vc_empty_space height=&#8221;25px&#8221;][\/vc_column][\/vc_row][vc_row content_width=&#8221;grid&#8221; css=&#8221;.vc_custom_1445526449001{padding-top: 40px !important;padding-bottom: 5px !important;}&#8221;][vc_column offset=&#8221;vc_col-lg-5 vc_col-md-12&#8243;][vc_empty_space height=&#8221;4px&#8221;][vc_single_image image=&#8221;8865&#8243; img_size=&#8221;full&#8221;][vc_empty_space height=&#8221;40px&#8221;][\/vc_column][vc_column offset=&#8221;vc_col-lg-7 vc_col-md-12&#8243;][vc_column_text]<\/p>\n<h2>Nosso time<\/h2>\n<p>[\/vc_column_text][vc_empty_space height=&#8221;25px&#8221;][vc_column_text]<\/p>\n<h4>Somos uma empresa de tecnologia composta por um pequeno grupo de profissionais de sistemas de informa\u00e7\u00e3o com mais de 20 anos de experi\u00eancia contribuindo para o crescimento de empresas nacionais e multinacionais, criando valor baseado no uso adequado das tecnologias da informa\u00e7\u00e3o (TI).<br \/>\nPortanto, \u00e9 essencial ter um plano estrat\u00e9gico de TI que garanta que os resultados dos investimentos e iniciativas de TI estejam alinhados \u00e0s necessidades do neg\u00f3cio, criando uma vantagem competitiva sustent\u00e1vel ao longo do tempo<\/h4>\n<p>[\/vc_column_text][vc_empty_space height=&#8221;25px&#8221;][\/vc_column][\/vc_row][vc_row content_width=&#8221;grid&#8221; content_aligment=&#8221;center&#8221; css=&#8221;.vc_custom_1446112369967{padding-top: 62px !important;padding-bottom: 46px !important;background-image: url(http:\/\/startit.select-themes.com\/wp-content\/uploads\/2015\/10\/About-me-Background-1.jpg?id=305) !important;background-position: center !important;background-repeat: no-repeat !important;background-size: cover !important;}&#8221;][vc_column][vc_column_text]<\/p>\n<h2>Nossas capacidades diferenciadoras<\/h2>\n<p>[\/vc_column_text][vc_empty_space height=&#8221;15px&#8221;][vc_column_text]<\/p>\n<h4>Experi\u00eancia comprovada nas \u00e1reas de tecnologias da informa\u00e7\u00e3o, desenho e desenvolvimento de software, gerenciamento de projetos (PMI) e melhoria de processos de neg\u00f3cios (BPM) em \u00e1reas como manufatura e engenharia.<br \/>\nExtensa trajet\u00f3ria na implementa\u00e7\u00e3o e administra\u00e7\u00e3o de ERPs, aplicando modelos de servi\u00e7os de TI gerenciados assim como tamb\u00e9m compartilhados e adotando padr\u00f5es do setor como Itil e Cmmi entre outros.<br \/>\nContamos tamb\u00e9m com uma ampla gama de redes de profissionais de TI, gradualmente constru\u00eddas ao longo dos anos, que contribuem ativamente para o desenho e implementa\u00e7\u00e3o de solu\u00e7\u00f5es tecnol\u00f3gicas.<\/h4>\n<p>[\/vc_column_text][vc_empty_space height=&#8221;55px&#8221;][\/vc_column][\/vc_row][vc_row content_width=&#8221;grid&#8221; content_aligment=&#8221;center&#8221; css=&#8221;.vc_custom_1445870492677{padding-top: 71px !important;padding-bottom: 16px !important;}&#8221;][vc_column][vc_column_text]<\/p>\n<h2>A Proposta<\/h2>\n<p>[\/vc_column_text][vc_empty_space height=&#8221;15px&#8221;][vc_column_text]<\/p>\n<h4>Definitivamente voc\u00ea pode encontrar em n\u00f3s algu\u00e9m que possa acompanh\u00e1-lo nas diferentes etapas do processo de cria\u00e7\u00e3o e entrega de valor para seus respectivos clientes atrav\u00e9s de propostas inovadoras e diferenciadas.<\/h4>\n<p><img loading=\"lazy\" decoding=\"async\" class=\"size-full wp-image-8991 alignright\" src=\"https:\/\/www.valcrit.com\/wp-content\/uploads\/2020\/03\/Signature-Valcrit-PT-Br-Optimized.png\" alt=\"\" width=\"232\" height=\"59\" \/>[\/vc_column_text][vc_empty_space height=&#8221;63px&#8221;][\/vc_column][\/vc_row][vc_row css=&#8221;.vc_custom_1446112126198{padding-top: 41px !important;padding-bottom: 28px !important;background-image: url(http:\/\/startit.select-themes.com\/wp-content\/uploads\/2015\/10\/About-me-Background-2.jpg?id=342) !important;background-position: center !important;background-repeat: no-repeat !important;background-size: cover !important;}&#8221;][vc_column]\n\n\t<div class=\"qodef-call-to-action normal\">\n\n\t\t\t\t<div class=\"qodef-container-inner\">\n\t\t\t\t\t<div class=\"qodef-call-to-action-row-75-25 clearfix\" style=\"padding: 20px;\">\n\t\t\n\t\t\t\t<div class=\"qodef-text-wrapper qodef-call-to-action-column1 qodef-call-to-action-cell\">\n\n\t\t\t\t\n\t\t\t\t\t<div class=\"qodef-call-to-action-text\" >\n\t\t\t\t\t\t\n<h4>\u201cA tecnologia n\u00e3o \u00e9 nada. O que \u00e9 importante \u00e9 que tenhas f\u00e9 nas pessoas, que basicamente s\u00e3o boas e inteligentes, e se lhes deres ferramentas, elas v\u00e3o fazer coisas maravilhosas com elas.\u201d Por Steve Jobs, cofundador do Apple Inc.<\/h4>\n\t\t\t\t\t<\/div>\n\n\t\t\t\t<\/div>\n\n\t\t\t\t\n\t\t\t\t\t<div class=\"qodef-button-wrapper qodef-call-to-action-column2 qodef-call-to-action-cell\" style =\"text-align: right ;\">\n\n\t\t\t\t\t\t<a href=\"https:\/\/www.valcrit.com\/pt-br\/contactform\/\" target=\"_self\"  class=\"qodef-btn qodef-btn-medium qodef-btn-solid qodef-btn-icon\"  >        <span class=\"qodef-btn-text\">Contate-nos<\/span>    <span class=\"qodef-btn-text-icon\"><i class=\"qodef-icon-simple-line-icon icon-envelope \" ><\/i><\/span><\/a>\n\t\t\t\t\t<\/div>\n\n\t\t\t\t\n\t\t\t<\/div>\n\n\t\t\t\t<\/div>\n\t\t\n\t<\/div>\n\n[\/vc_column][\/vc_row]<\/p>\n<\/section>","protected":false},"excerpt":{"rendered":"<p>[vc_row][vc_column][vc_empty_space][\/vc_column][\/vc_row][vc_row content_width=&#8221;grid&#8221; css=&#8221;.vc_custom_1594411573489{padding-top: 40px !important;padding-bottom: 5px !important;background-image: url(https:\/\/www.valcrit.com\/wp-content\/uploads\/2015\/10\/About-us-Background.jpg?id=2582) !important;}&#8221;][vc_column offset=&#8221;vc_col-lg-5 vc_col-md-5&#8243;][vc_empty_space height=&#8221;60px&#8221;][vc_single_image image=&#8221;9252&#8243; img_size=&#8221;medium&#8221; style=&#8221;vc_box_rounded&#8221; onclick=&#8221;img_link_large&#8221; css_animation=&#8221;none&#8221;][vc_empty_space height=&#8221;40px&#8221;][\/vc_column][vc_column offset=&#8221;vc_col-lg-7 vc_col-md-7&#8243;][vc_column_text] MBA&#8230;<\/p>\n","protected":false},"author":2,"featured_media":7347,"parent":0,"menu_order":0,"comment_status":"closed","ping_status":"closed","template":"full-width.php","meta":{"footnotes":""},"class_list":["post-9317","page","type-page","status-publish","has-post-thumbnail","hentry"],"_links":{"self":[{"href":"https:\/\/www.valcrit.com\/pt-br\/wp-json\/wp\/v2\/pages\/9317","targetHints":{"allow":["GET"]}}],"collection":[{"href":"https:\/\/www.valcrit.com\/pt-br\/wp-json\/wp\/v2\/pages"}],"about":[{"href":"https:\/\/www.valcrit.com\/pt-br\/wp-json\/wp\/v2\/types\/page"}],"author":[{"embeddable":true,"href":"https:\/\/www.valcrit.com\/pt-br\/wp-json\/wp\/v2\/users\/2"}],"replies":[{"embeddable":true,"href":"https:\/\/www.valcrit.com\/pt-br\/wp-json\/wp\/v2\/comments?post=9317"}],"version-history":[{"count":2,"href":"https:\/\/www.valcrit.com\/pt-br\/wp-json\/wp\/v2\/pages\/9317\/revisions"}],"predecessor-version":[{"id":9423,"href":"https:\/\/www.valcrit.com\/pt-br\/wp-json\/wp\/v2\/pages\/9317\/revisions\/9423"}],"wp:featuredmedia":[{"embeddable":true,"href":"https:\/\/www.valcrit.com\/pt-br\/wp-json\/wp\/v2\/media\/7347"}],"wp:attachment":[{"href":"https:\/\/www.valcrit.com\/pt-br\/wp-json\/wp\/v2\/media?parent=9317"}],"curies":[{"name":"wp","href":"https:\/\/api.w.org\/{rel}","templated":true}]}}

Sobre Nós

<section class="wpb-content-wrapper"><p>[vc_row][vc_column][vc_empty_space][/vc_column][/vc_row][vc_row content_width=&#8221;grid&#8221; css=&#8221;.vc_custom_1594411573489{padding-top: 40px !important;padding-bottom: 5px !important;background-image: url(https://www.valcrit.com/wp-content/uploads/2015/10/About-us-Background.jpg?id=2582) !important;}&#8221;][vc_column offset=&#8221;vc_col-lg-5 vc_col-md-5&#8243;][vc_empty_space height=&#8221;60px&#8221;][vc_single_image image=&#8221;9252&#8243; img_size=&#8221;medium&#8221; style=&#8221;vc_box_rounded&#8221; onclick=&#8221;img_link_large&#8221; css_animation=&#8221;none&#8221;][vc_empty_space height=&#8221;40px&#8221;][/vc_column][vc_column offset=&#8221;vc_col-lg-7 vc_col-md-7&#8243;][vc_column_text]</p>
<h2>MBA Eng. Pablo Morales</h2>
<p>[/vc_column_text][vc_empty_space height=&#8221;25px&#8221;][vc_column_text]</p>
<h4><em>Profissionais em sistemas de informação com mais de 20 anos de experiência contribuindo no crescimento das companhias nacionais e multinacionais.</em><br />
<em>Experiência comprovada nas áreas de tecnologia da informação, desenho e desenvolvimento de software, gerenciamento de projetos (PMI) e melhoria de processos de negócios (BPM) em áreas como fabricação e engenharia de produtos.</em><br />
<em>Ampla trajetória na implementação e gerenciamento de ERP, instrumentação de modelos de serviços de TI gerenciados assim como compartilhados e aplicação de padrões da indústria como Itil, Cmmi e outros.</em><br />
<em>Autor do livro “Connected Cars” (ISBN: 978-987-42-9529-3), que propõe uma solução tecnológica em nuvem, compatível com Android Auto e CarPlay, que permite transformar um carro em um veículo conectado.</em></h4>
<p>[/vc_column_text][vc_empty_space height=&#8221;25px&#8221;][/vc_column][/vc_row][vc_row][vc_column][vc_empty_space][/vc_column][/vc_row][vc_row content_width=&#8221;grid&#8221; css=&#8221;.vc_custom_1594427930830{padding-top: 40px !important;padding-bottom: 5px !important;background-image: url(https://www.valcrit.com/wp-content/uploads/2015/10/About-us-Background.jpg?id=2582) !important;}&#8221;][vc_column offset=&#8221;vc_col-lg-5 vc_col-md-5&#8243;][vc_empty_space height=&#8221;1px&#8221;][vc_single_image image=&#8221;9249&#8243; img_size=&#8221;medium&#8221; style=&#8221;vc_box_rounded&#8221; onclick=&#8221;img_link_large&#8221; css_animation=&#8221;none&#8221;][vc_empty_space height=&#8221;20px&#8221;][/vc_column][vc_column offset=&#8221;vc_col-lg-7 vc_col-md-5&#8243;][vc_column_text]</p>
<h2>Lda. Elizabeth Maggio</h2>
<p>[/vc_column_text][vc_empty_space height=&#8221;25px&#8221;][vc_column_text]</p>
<h4><em>Licenciada em comércio exterior com uma especialização em negociações internacionais.</em><br />
<em>Ampla trajetória na área de logística, </em><em>comércio exterior, </em><em>planejamento e comercialização em empresas nacionais e internacionais.</em></h4>
<h4><em>Ao longo dos anos, me especializei nas indústrias automotiva e eletrônica de consumo, entre outras.</em><br />
<em>Experiência abrangente em operações de comércio exterior para empresas lideres do Mercosul, assim como nos Estados Unidos, China e na União Europeia.</em></h4>
<p>[/vc_column_text][vc_empty_space height=&#8221;25px&#8221;][/vc_column][/vc_row][vc_row content_width=&#8221;grid&#8221; css=&#8221;.vc_custom_1445526449001{padding-top: 40px !important;padding-bottom: 5px !important;}&#8221;][vc_column offset=&#8221;vc_col-lg-5 vc_col-md-12&#8243;][vc_empty_space height=&#8221;4px&#8221;][vc_single_image image=&#8221;8865&#8243; img_size=&#8221;full&#8221;][vc_empty_space height=&#8221;40px&#8221;][/vc_column][vc_column offset=&#8221;vc_col-lg-7 vc_col-md-12&#8243;][vc_column_text]</p>
<h2>Nosso time</h2>
<p>[/vc_column_text][vc_empty_space height=&#8221;25px&#8221;][vc_column_text]</p>
<h4>Somos uma empresa de tecnologia composta por um pequeno grupo de profissionais de sistemas de informação com mais de 20 anos de experiência contribuindo para o crescimento de empresas nacionais e multinacionais, criando valor baseado no uso adequado das tecnologias da informação (TI).<br />
Portanto, é essencial ter um plano estratégico de TI que garanta que os resultados dos investimentos e iniciativas de TI estejam alinhados às necessidades do negócio, criando uma vantagem competitiva sustentável ao longo do tempo</h4>
<p>[/vc_column_text][vc_empty_space height=&#8221;25px&#8221;][/vc_column][/vc_row][vc_row content_width=&#8221;grid&#8221; content_aligment=&#8221;center&#8221; css=&#8221;.vc_custom_1446112369967{padding-top: 62px !important;padding-bottom: 46px !important;background-image: url(http://startit.select-themes.com/wp-content/uploads/2015/10/About-me-Background-1.jpg?id=305) !important;background-position: center !important;background-repeat: no-repeat !important;background-size: cover !important;}&#8221;][vc_column][vc_column_text]</p>
<h2>Nossas capacidades diferenciadoras</h2>
<p>[/vc_column_text][vc_empty_space height=&#8221;15px&#8221;][vc_column_text]</p>
<h4>Experiência comprovada nas áreas de tecnologias da informação, desenho e desenvolvimento de software, gerenciamento de projetos (PMI) e melhoria de processos de negócios (BPM) em áreas como manufatura e engenharia.<br />
Extensa trajetória na implementação e administração de ERPs, aplicando modelos de serviços de TI gerenciados assim como também compartilhados e adotando padrões do setor como Itil e Cmmi entre outros.<br />
Contamos também com uma ampla gama de redes de profissionais de TI, gradualmente construídas ao longo dos anos, que contribuem ativamente para o desenho e implementação de soluções tecnológicas.</h4>
<p>[/vc_column_text][vc_empty_space height=&#8221;55px&#8221;][/vc_column][/vc_row][vc_row content_width=&#8221;grid&#8221; content_aligment=&#8221;center&#8221; css=&#8221;.vc_custom_1445870492677{padding-top: 71px !important;padding-bottom: 16px !important;}&#8221;][vc_column][vc_column_text]</p>
<h2>A Proposta</h2>
<p>[/vc_column_text][vc_empty_space height=&#8221;15px&#8221;][vc_column_text]</p>
<h4>Definitivamente você pode encontrar em nós alguém que possa acompanhá-lo nas diferentes etapas do processo de criação e entrega de valor para seus respectivos clientes através de propostas inovadoras e diferenciadas.</h4>
<p><img loading="lazy" decoding="async" class="size-full wp-image-8991 alignright" src="https://www.valcrit.com/wp-content/uploads/2020/03/Signature-Valcrit-PT-Br-Optimized.png" alt="" width="232" height="59" />[/vc_column_text][vc_empty_space height=&#8221;63px&#8221;][/vc_column][/vc_row][vc_row css=&#8221;.vc_custom_1446112126198{padding-top: 41px !important;padding-bottom: 28px !important;background-image: url(http://startit.select-themes.com/wp-content/uploads/2015/10/About-me-Background-2.jpg?id=342) !important;background-position: center !important;background-repeat: no-repeat !important;background-size: cover !important;}&#8221;][vc_column]

	<div class="qodef-call-to-action normal">

				<div class="qodef-container-inner">
					<div class="qodef-call-to-action-row-75-25 clearfix" style="padding: 20px;">
		
				<div class="qodef-text-wrapper qodef-call-to-action-column1 qodef-call-to-action-cell">

				
					<div class="qodef-call-to-action-text" >
						
<h4>“A tecnologia não é nada. O que é importante é que tenhas fé nas pessoas, que basicamente são boas e inteligentes, e se lhes deres ferramentas, elas vão fazer coisas maravilhosas com elas.” Por Steve Jobs, cofundador do Apple Inc.</h4>
					</div>

				</div>

				
					<div class="qodef-button-wrapper qodef-call-to-action-column2 qodef-call-to-action-cell" style ="text-align: right ;">

						<a href="https://www.valcrit.com/pt-br/contactform/" target="_self"  class="qodef-btn qodef-btn-medium qodef-btn-solid qodef-btn-icon"  >        <span class="qodef-btn-text">Contate-nos</span>    <span class="qodef-btn-text-icon"><i class="qodef-icon-simple-line-icon icon-envelope " ></i></span></a>
					</div>

				
			</div>

				</div>
		
	</div>

[/vc_column][/vc_row]</p>
</section>
